 11
3290
What is -172772 (base 9) in base 2?
-11010001000111010
Convert -53615 (base 10) to base 12.
-2703b
What is -196a355 (base 14) in base 5?
-11213103201
Convert -16caa5 (base 14) to base 10.
-803353
185420 (base 13) to base 11
388450
-102012202102220 (base 3) to base 8
-26566777
Convert -1280011 (base 10) to base 9.
-2360754
1222041124 (base 5) to base 16
2c9ffb
11112201012 (base 3) to base 2
10101110101110000
a265789 (base 11) to base 13
39ab7a3
What is 37725747 (base 8) in base 2?
11111111010101111100111
Convert -24b5 (base 13) to base 16.
-1462
What is -79959 (base 10) in base 14?
-211d5
What is 555428 (base 10) in base 4?
2013212210
Convert 2a94c (base 15) to base 8.
413611
What is -53042150 (base 6) in base 13?
-4214c7
312245013 (base 6) to base 4
110232221001
What is 132342224 (base 5) in base 6?
22154343
What is 25020545 (base 6) in base 12?
324755
1552363 (base 7) to base 15
43897
-223220043 (base 5) to base 11
-618256
Convert -341113 (base 8) to base 2.
-11100001001001011
Convert 378dc3 (base 16) to base 5.
1413001041
Convert -214454 (base 8) to base 6.
-1313124
Convert -177a46 (base 15) to base 6.
-40232203
13111312123 (base 4) to base 3
10121202221001
-12064bb (base 15) to base 10
-12930701
-10332610 (base 8) to base 12
-8a6548
-5182269 (base 10) to base 16
-4f133d
What is -111201010111 (base 3) in base 5?
-32113244
What is 20012202100 (base 3) in base 15?
2637c
Convert 22120000012 (base 3) to base 16.
291d4
What is -12c941 (base 13) in base 5?
-104100403
-292182 (base 15) to base 8
-7436040
Convert 31074 (base 15) to base 10.
155359
Convert 98159 (base 10) to base 11.
67826
1000000100100100011 (base 2) to base 16
40923
95888 (base 13) to base 11
174529
What is -1a514a (base 15) in base 11?
-7a6868
Convert -1a687 (base 14) to base 8.
-203117
1120222200 (base 3) to base 4
13221222
What is -1151817 (base 11) in base 6?
-111012530
106601413 (base 7) to base 4
121010200312
Convert 1011202210010200 (base 3) to base 13.
3661ba2
Convert -5e7f8 (base 16) to base 13.
-107242
Convert 1021021120221 (base 3) to base 11.
420a54
Convert 1ca235 (base 13) to base 11.
463284
-2444998 (base 10) to base 14
-47906a
What is -21535451 (base 8) in base 4?
-101223230221
Convert -220011231 (base 4) to base 6.
-3304113
What is 120000101100221 (base 3) in base 15?
a792ed
What is 25087 (base 13) in base 10?
68218
Convert 60603 (base 9) to base 15.
bc20
Convert 4270a6a (base 11) to base 15.
9d5c2e
What is 3b0756 (base 12) in base 2?
11101110001100110010
What is -1202046 (base 9) in base 10?
-651039
Convert 121120101121 (base 3) to base 7.
2525605
Convert -a9be58 (base 15) to base 9.
-16200022
Convert -2479609 (base 10) to base 13.
-68a832
10011000101111111000111 (base 2) to base 10
5005255
Convert 102d76c (base 14) to base 11.
4350754
Convert 3a22738 (base 11) to base 5.
3240124100
-1133111122 (base 4) to base 5
-44443430
Convert 50425120 (base 7) to base 10.
4191523
Convert -4253214 (base 6) to base 13.
-743c8
What is -14c3d7 (base 16) in base 8?
-5141727
What is 2443012401 (base 5) in base 8?
26170755
What is -1782037 (base 9) in base 10?
-998764
Convert -110020121020 (base 3) to base 16.
-3ad70
What is -56324 (base 8) in base 3?
-1012121011
60a5 (base 14) to base 6
204521
11234123 (base 5) to base 2
11001000000001101
What is 1124401042 (base 5) in base 8?
11645453
702323 (base 10) to base 9
1280358
Convert -253622 (base 15) to base 11.
-1008977
Convert -18386 (base 9) to base 14.
-48c2
220310 (base 7) to base 10
38570
7bc14c (base 15) to base 14
adcdc5
330130110 (base 4) to base 12
bb330
Convert c2b3 (base 15) to base 12.
1b966
10140350 (base 7) to base 6
30115452
Convert -211101220121202 (base 3) to base 16.
-b5adb0
210230222 (base 4) to base 5
14302224
What is 221020230113 (base 4) in base 12?
374055b
Convert 161022623 (base 7) to base 10.
10829507
Convert -111242401 (base 5) to base 12.
-1b96b0
9212801 (base 10) to base 3
122100001120212
ad322 (base 15) to base 13
163949
Convert -416776 (base 8) to base 11.
-95277
What is 189534a (base 12) in base 13?
10c13b6
What is 12b391 (base 12) in base 16?
4ba5d
What is -276726 (base 9) in base 2?
-101001010000011110
-44440534 (base 6) to base 2
-101000111110110001010
What is -504110515 (base 6) in base 16?
-83222f
Convert -204641104 (base 7) to base 10.
-12111040
What is 205583 (base 14) in base 2?
100001010001110011111
What is 2000c (base 13) in base 6?
1120302
What is 21220022210120 (base 3) in base 12?
14a5ab9
Convert -282a05 (base 13) to base 5.
-222232123
-17aa60 (base 12) to base 11
-262141
Convert -9b (base 14) to base 10.
-137
What is 2b2c33 (base 14) in base 6?
52140421
What is -1352541 (base 6) in base 2?
-10010110100101101
-8502c9 (base 13) to base 3
-12212012010110
352165 (base 11) to base 15
b0a5c
Convert -2775a (base 11) to base 4.
-21221113
What is -16db31 (base 15) in base 4?
-10032320101
Convert 753586 (base 9) to base 16.
6d932
2381203 (base 9) to base 15
1a8376
Convert 100010011101101 (base 2) to base 9.
26175
Convert 4136534 (base 7) to base 4.
1321110212
What is -55175 (base 13) in base 14?
-401dd
What is -ae5914 (base 15) in base 10?
-8321419
What is 195be (base 16) in base 11?
71048
Convert -1104243 (base 6) to base 2.
-1101100001100011
What is -1302333301 (base 4) in base 6?
-14032401
15784 (base 15) to base 5
4203244
135a4d (base 15) to base 3
1202021100001
Convert -50a45 (base 11) to base 13.
-27b80
What is 1743116 (base 8) in base 9?
855831
-827a1b (base 13) to base 12
-1029a93
a64034 (base 16) to base 6
1025305420
What is 1200021101012 (base 3) in base 7?
10400666
Convert d32a30 (base 16) to base 15.
1335631
18000685 (base 9) to base 7
136540166
Convert 259c3d (base 14) to base 15.
1a89c1
Convert 33612 (base 14) to base 13.
44992
What is -82102 (base 10) in base 4?
-110002312
What is -7be41 (base 15) in base 11?
-24a609
12212122200 (base 3) to base 4
130033023
-30132232 (base 4) to base 10
-51118
Convert -256177 (base 8) to base 12.
-43767
Convert -22612353 (base 9) to base 4.
-221323131000
What is -712921 (base 13) in base 11?
-15396a0
81c5 (base 14) to base 6
251201
Convert -2497ac (base 14) to base 4.
-10302201230
23355234 (base 7) to base 9
3785613
Convert 727875 (base 10) to base 15.
e5a00
1d816 (base 14) to base 10
75676
-504311 (base 7) to base 9
-140328
Convert -10000000111101 (base 2) to base 10.
-8253
Convert 764298 (base 12) to base 10.
1873556
Convert -1011100010111110001110 (base 2) to base 15.
-3ebc8a
Convert 5c0d11 (base 16) to base 4.
113000310101
What is -4104323 (base 6) in base 5?
-22223022
2233233202 (base 4) to base 16
afbe2
What is -8509b (base 13) in base 6?
-5045133
What is -13523 (base 7) in base 8?
-7154
3123300122 (base 4) to base 7
10436156
What is b767b6 (base 14) in base 16?
5ea65c
What is 31802 (base 14) in base 15?
2565c
180e44 (base 16) to base 4
12000321010
What is 2567025 (base 8) in base 6?
23204125
Convert -68a745 (base 12) to base 9.
-3135638
-120425 (base 11) to base 15
-3b82e
100000110110000110001 (base 2) to base 3
2000200100222
Convert 311223013 (base 4) to base 13.
790b4
Convert -1083457 (base 11) to base 6.
-104324540
Convert -1747765 (base 9) to base 11.
-607941
What is 12452451 (base 7) in base 14?
219128
5553513 (base 7) to base 3
1021211102110
-12628 (base 12) to base 9
-37365
What is a2932 (base 14) in base 16?
5f920
-58ab27 (base 14) to base 7
-34502250
bc2c (base 16) to base 11
33213
What is 210313312313 (base 4) in base 9?
20162202
What is -1671178 (base 11) in base 5?
-1211420031
-1131211122 (base 4) to base 14
-9d9a2
Convert 50917 (base 15) to base 12.
103804
2c7228 (base 13) to base 6
35333313
What is -3c4ed (base 16) in base 6?
-5143341
Convert -13529064 (base 10) to base 6.
-1201550320
Convert -3326615 (base 10) to base 8.
-14541227
-1225114 (base 6) to base 4
-100012012
What is -124130402 (base 5) in base 14?
-11dd13
What is -242505040 (base 6) in base 13?
-c56472
Convert 4032230 (base 5) to base 12.
3152a
What is b28a (base 12) in base 13?
8aa6
What is -1578719 (base 14) in base 3?
-201210000021011
1010111110011000010 (base 2) to base 15
71848
What is -1011031 (base 5) in base 14?
-5d8b
What is -2baa94 (base 13) in base 14?
-201ad4
What is -1100101110001110111100 (base 2) in base 6?
-155252140
Convert -124124123 (base 